{"id":106,"date":"2021-06-16T18:53:16","date_gmt":"2021-06-16T16:53:16","guid":{"rendered":"https:\/\/plm-developpement.fr\/?page_id=106"},"modified":"2021-06-28T16:46:13","modified_gmt":"2021-06-28T14:46:13","slug":"essais","status":"publish","type":"page","link":"https:\/\/plm-developpement.fr\/","title":{"rendered":"Accueil"},"content":{"rendered":"\n<p style=\"text-align: center;\">&nbsp;<\/p>\n<h1 style=\"text-align: center;\">Entreprise d\u2019\u00e9lectricit\u00e9 install\u00e9e au c\u0153ur<br>de la M\u00e9tropole Lilloise depuis 2005.<\/h1>\n<p><span style=\"font-family: arial, helvetica, sans-serif; color: #999999;\">Nous nous attachons \u00e0 satisfaire nos clients particuliers, professionnels pour tous travaux \u00e9lectriques, mise en place de syst\u00e8me d\u2019interphonie et de vid\u00e9o-surveillance<\/span><\/p>\n<p style=\"text-align: center;\"><span style=\"color: #000000;\"><strong><span style=\"font-family: arial, helvetica, sans-serif;\">Nous intervenons sur les secteurs de : Lille et ses environs<\/span><\/strong><\/span><\/p>\n\n\n\n<p><\/p>\n\n\n\n<div class=\"wp-block-group alignfull has-white-background-color has-background\"><div class=\"wp-block-group__inner-container is-layout-flow wp-block-group-is-layout-flow\">\n<div class=\"wp-block-media-text alignwide is-stacked-on-mobile is-vertically-aligned-center\" style=\"grid-template-columns:48% auto\"><figure class=\"wp-block-media-text__media\"><img data-recalc-dims=\"1\" loading=\"lazy\" decoding=\"async\" width=\"980\" height=\"654\" data-attachment-id=\"132\" data-permalink=\"https:\/\/plm-developpement.fr\/photo-1\/\" data-orig-file=\"https:\/\/i0.wp.com\/plm-developpement.fr\/wp-content\/uploads\/2021\/06\/photo-1.jpg?fit=1200%2C800&amp;ssl=1\" data-orig-size=\"1200,800\" data-comments-opened=\"0\" data-image-meta=\"{&quot;aperture&quot;:&quot;0&quot;,&quot;credit&quot;:&quot;&quot;,&quot;camera&quot;:&quot;&quot;,&quot;caption&quot;:&quot;&quot;,&quot;created_timestamp&quot;:&quot;0&quot;,&quot;copyright&quot;:&quot;&quot;,&quot;focal_length&quot;:&quot;0&quot;,&quot;iso&quot;:&quot;0&quot;,&quot;shutter_speed&quot;:&quot;0&quot;,&quot;title&quot;:&quot;&quot;,&quot;orientation&quot;:&quot;0&quot;}\" data-image-title=\"photo 1\" data-image-description=\"\" data-image-caption=\"\" data-large-file=\"https:\/\/i0.wp.com\/plm-developpement.fr\/wp-content\/uploads\/2021\/06\/photo-1.jpg?fit=980%2C654&amp;ssl=1\" src=\"https:\/\/i0.wp.com\/plm-developpement.fr\/wp-content\/uploads\/2021\/06\/photo-1.jpg?resize=980%2C654&#038;ssl=1\" alt=\"\" class=\"wp-image-132 size-full\" srcset=\"https:\/\/i0.wp.com\/plm-developpement.fr\/wp-content\/uploads\/2021\/06\/photo-1.jpg?resize=1024%2C683&amp;ssl=1 1024w, https:\/\/i0.wp.com\/plm-developpement.fr\/wp-content\/uploads\/2021\/06\/photo-1.jpg?resize=300%2C200&amp;ssl=1 300w, https:\/\/i0.wp.com\/plm-developpement.fr\/wp-content\/uploads\/2021\/06\/photo-1.jpg?resize=768%2C512&amp;ssl=1 768w, https:\/\/i0.wp.com\/plm-developpement.fr\/wp-content\/uploads\/2021\/06\/photo-1.jpg?resize=150%2C100&amp;ssl=1 150w, https:\/\/i0.wp.com\/plm-developpement.fr\/wp-content\/uploads\/2021\/06\/photo-1.jpg?w=1200&amp;ssl=1 1200w\" sizes=\"auto, (max-width: 980px) 100vw, 980px\" \/><\/figure><div class=\"wp-block-media-text__content\">\n<h5 class=\"wp-block-heading\"><strong>ARTISAN ELECTRICIEN<\/strong><\/h5>\n\n\n\n<p><span style=\"font-family: arial, helvetica, sans-serif; font-size: 12pt;\">Exp\u00e9riment\u00e9, j\u2019effectue tous travaux \u00e9lectriques. <strong>Respectueux des normes<\/strong> et attentif \u00e0 la qualit\u00e9 du service rendu.<br><\/span><span style=\"font-family: arial, helvetica, sans-serif; font-size: 12pt;\">Je vous conseille selon vos besoins et votre budget et effectue un <strong>devis gratuit<\/strong> \u00e0 la&nbsp;<\/span><span style=\"font-family: arial, helvetica, sans-serif; font-size: 12pt;\">demande.<br><\/span><span style=\"font-family: arial, helvetica, sans-serif; font-size: 12pt;\">J\u2019installe \u00e9galement des&nbsp;<strong>syst\u00e8mes de surveillance<\/strong>&nbsp;pour particuliers et professionnels<\/span> <strong><span style=\"color: #ff0000;\"><br><br>Sur le plan sanitaire, Il est important d\u2019effectuer les gestes barri\u00e8res, port du masque, gel hydro alcoolique pour \u00ab notre \u00bb protection commune<\/span><\/strong><\/p>\n\n\n\n<div class=\"wp-block-buttons is-layout-flex wp-block-buttons-is-layout-flex\">\n<div class=\"wp-block-button\"><a class=\"wp-block-button__link\" href=\"https:\/\/plm-developpement.fr\/index.php\/contact\/\" target=\"_blank\" rel=\"noreferrer noopener\">Contactez-Nous<\/a><\/div>\n<\/div>\n<\/div><\/div>\n<\/div><\/div>\n\n\n\n<p style=\"text-align: center;\">&nbsp;<\/p>\n<h2 style=\"text-align: center;\">Les diff\u00e9rentes prestations de l\u2019entreprise<\/h2>\n\n\n\n<p><span style=\"font-family: arial, helvetica, sans-serif;\"><strong>\u00c9lectricit\u00e9 g\u00e9n\u00e9rale:&nbsp; <\/strong>La r\u00e9novation \u00e9lectrique d\u2019une maison, d\u2019un immeuble ou d\u2019un local professionnel passe par son am\u00e9lioration ou sa r\u00e9fection pour la mise en conformit\u00e9 de votre \u00e9lectricit\u00e9 g\u00e9n\u00e9rale.<\/span><br><br><span style=\"font-family: arial, helvetica, sans-serif;\"><strong>D\u00e9pannage :&nbsp; <\/strong>Nos interventions dans les meilleurs d\u00e9lais pour les d\u00e9pannages \u00e9lectriques, d\u2019interphonie et contr\u00f4les d\u2019acc\u00e8s<\/span><br><br><span style=\"font-family: arial, helvetica, sans-serif;\"><strong>Interphone :&nbsp; <\/strong>L\u2019installation de ce type de mat\u00e9riel assure la protection contre les intrusions ext\u00e9rieures et participe \u00e0 la conservation des parties communes des immeubles.<\/span><br><br><span style=\"font-family: arial, helvetica, sans-serif;\"><strong>Vid\u00e9o surveillance :&nbsp; <\/strong>La vid\u00e9o surveillance est le meilleur moyen pour surveiller un endroit ou v\u00e9rifier les images enregistr\u00e9es \u00e0 la suite d\u2019un \u00e9v\u00e9nement<\/span><\/p>\n<p>&nbsp;<\/p>\n\n\n\n<h2 style=\"text-align: center;\">Nos partenaires<\/h2>\n<p style=\"text-align: center;\">Nous travaillons avec plusieurs marques telles que:<\/p>\n<p>&nbsp;<\/p>\n\n\n\n<figure class=\"wp-block-table\"><table><tbody><tr><td><img data-recalc-dims=\"1\" loading=\"lazy\" decoding=\"async\" width=\"150\" height=\"80\" data-attachment-id=\"158\" data-permalink=\"https:\/\/plm-developpement.fr\/logo-urmet-150x80\/\" data-orig-file=\"https:\/\/i0.wp.com\/plm-developpement.fr\/wp-content\/uploads\/2021\/06\/logo-urmet-150X80.jpg?fit=150%2C80&amp;ssl=1\" data-orig-size=\"150,80\" data-comments-opened=\"0\" data-image-meta=\"{&quot;aperture&quot;:&quot;0&quot;,&quot;credit&quot;:&quot;&quot;,&quot;camera&quot;:&quot;&quot;,&quot;caption&quot;:&quot;&quot;,&quot;created_timestamp&quot;:&quot;0&quot;,&quot;copyright&quot;:&quot;&quot;,&quot;focal_length&quot;:&quot;0&quot;,&quot;iso&quot;:&quot;0&quot;,&quot;shutter_speed&quot;:&quot;0&quot;,&quot;title&quot;:&quot;&quot;,&quot;orientation&quot;:&quot;0&quot;}\" data-image-title=\"logo urmet 150X80\" data-image-description=\"\" data-image-caption=\"\" data-large-file=\"https:\/\/i0.wp.com\/plm-developpement.fr\/wp-content\/uploads\/2021\/06\/logo-urmet-150X80.jpg?fit=150%2C80&amp;ssl=1\" class=\"wp-image-158\" style=\"width: 150px;\" src=\"https:\/\/i0.wp.com\/plm-developpement.fr\/wp-content\/uploads\/2021\/06\/logo-urmet-150X80.jpg?resize=150%2C80&#038;ssl=1\" alt=\"\"><\/td><td class=\"has-text-align-center\" data-align=\"center\"><img data-recalc-dims=\"1\" loading=\"lazy\" decoding=\"async\" width=\"150\" height=\"61\" data-attachment-id=\"332\" data-permalink=\"https:\/\/plm-developpement.fr\/index.php\/essais\/logo-legrand-196x80\/\" data-orig-file=\"https:\/\/i0.wp.com\/plm-developpement.fr\/wp-content\/uploads\/2021\/06\/logo-legrand-196x80-1.jpg?fit=196%2C80&amp;ssl=1\" data-orig-size=\"196,80\" data-comments-opened=\"0\" data-image-meta=\"{&quot;aperture&quot;:&quot;0&quot;,&quot;credit&quot;:&quot;&quot;,&quot;camera&quot;:&quot;&quot;,&quot;caption&quot;:&quot;&quot;,&quot;created_timestamp&quot;:&quot;0&quot;,&quot;copyright&quot;:&quot;&quot;,&quot;focal_length&quot;:&quot;0&quot;,&quot;iso&quot;:&quot;0&quot;,&quot;shutter_speed&quot;:&quot;0&quot;,&quot;title&quot;:&quot;&quot;,&quot;orientation&quot;:&quot;0&quot;}\" data-image-title=\"logo-legrand-196&amp;#215;80\" data-image-description=\"\" data-image-caption=\"\" data-large-file=\"https:\/\/i0.wp.com\/plm-developpement.fr\/wp-content\/uploads\/2021\/06\/logo-legrand-196x80-1.jpg?fit=196%2C80&amp;ssl=1\" class=\"wp-image-332\" style=\"width: 150px;\" src=\"https:\/\/i0.wp.com\/plm-developpement.fr\/wp-content\/uploads\/2021\/06\/logo-legrand-196x80-1.jpg?resize=150%2C61&#038;ssl=1\" alt=\"\" srcset=\"https:\/\/i0.wp.com\/plm-developpement.fr\/wp-content\/uploads\/2021\/06\/logo-legrand-196x80-1.jpg?w=196&amp;ssl=1 196w, https:\/\/i0.wp.com\/plm-developpement.fr\/wp-content\/uploads\/2021\/06\/logo-legrand-196x80-1.jpg?resize=150%2C61&amp;ssl=1 150w\" sizes=\"auto, (max-width: 150px) 100vw, 150px\" \/><\/td><td><img data-recalc-dims=\"1\" loading=\"lazy\" decoding=\"async\" width=\"150\" height=\"79\" data-attachment-id=\"159\" data-permalink=\"https:\/\/plm-developpement.fr\/logo-bticino-152x80\/\" data-orig-file=\"https:\/\/i0.wp.com\/plm-developpement.fr\/wp-content\/uploads\/2021\/06\/logo-bticino-152X80.jpg?fit=152%2C80&amp;ssl=1\" data-orig-size=\"152,80\" data-comments-opened=\"0\" data-image-meta=\"{&quot;aperture&quot;:&quot;0&quot;,&quot;credit&quot;:&quot;&quot;,&quot;camera&quot;:&quot;&quot;,&quot;caption&quot;:&quot;&quot;,&quot;created_timestamp&quot;:&quot;0&quot;,&quot;copyright&quot;:&quot;&quot;,&quot;focal_length&quot;:&quot;0&quot;,&quot;iso&quot;:&quot;0&quot;,&quot;shutter_speed&quot;:&quot;0&quot;,&quot;title&quot;:&quot;&quot;,&quot;orientation&quot;:&quot;0&quot;}\" data-image-title=\"logo-bticino-152X80\" data-image-description=\"\" data-image-caption=\"\" data-large-file=\"https:\/\/i0.wp.com\/plm-developpement.fr\/wp-content\/uploads\/2021\/06\/logo-bticino-152X80.jpg?fit=152%2C80&amp;ssl=1\" class=\"wp-image-159\" style=\"width: 150px;\" src=\"https:\/\/i0.wp.com\/plm-developpement.fr\/wp-content\/uploads\/2021\/06\/logo-bticino-152X80.jpg?resize=150%2C79&#038;ssl=1\" alt=\"\" srcset=\"https:\/\/i0.wp.com\/plm-developpement.fr\/wp-content\/uploads\/2021\/06\/logo-bticino-152X80.jpg?resize=152%2C80&amp;ssl=1 152w, https:\/\/i0.wp.com\/plm-developpement.fr\/wp-content\/uploads\/2021\/06\/logo-bticino-152X80.jpg?resize=150%2C79&amp;ssl=1 150w\" sizes=\"auto, (max-width: 150px) 100vw, 150px\" \/><\/td><td><img data-recalc-dims=\"1\" loading=\"lazy\" decoding=\"async\" width=\"150\" height=\"60\" data-attachment-id=\"160\" data-permalink=\"https:\/\/plm-developpement.fr\/logo-hager-200x80\/\" data-orig-file=\"https:\/\/i0.wp.com\/plm-developpement.fr\/wp-content\/uploads\/2021\/06\/logo-hager-200X80.jpg?fit=200%2C80&amp;ssl=1\" data-orig-size=\"200,80\" data-comments-opened=\"0\" data-image-meta=\"{&quot;aperture&quot;:&quot;0&quot;,&quot;credit&quot;:&quot;&quot;,&quot;camera&quot;:&quot;&quot;,&quot;caption&quot;:&quot;&quot;,&quot;created_timestamp&quot;:&quot;0&quot;,&quot;copyright&quot;:&quot;&quot;,&quot;focal_length&quot;:&quot;0&quot;,&quot;iso&quot;:&quot;0&quot;,&quot;shutter_speed&quot;:&quot;0&quot;,&quot;title&quot;:&quot;&quot;,&quot;orientation&quot;:&quot;1&quot;}\" data-image-title=\"logo-hager 200X80\" data-image-description=\"\" data-image-caption=\"\" data-large-file=\"https:\/\/i0.wp.com\/plm-developpement.fr\/wp-content\/uploads\/2021\/06\/logo-hager-200X80.jpg?fit=200%2C80&amp;ssl=1\" class=\"wp-image-160\" style=\"width: 150px;\" src=\"https:\/\/i0.wp.com\/plm-developpement.fr\/wp-content\/uploads\/2021\/06\/logo-hager-200X80.jpg?resize=150%2C60&#038;ssl=1\" alt=\"\" srcset=\"https:\/\/i0.wp.com\/plm-developpement.fr\/wp-content\/uploads\/2021\/06\/logo-hager-200X80.jpg?resize=200%2C80&amp;ssl=1 200w, https:\/\/i0.wp.com\/plm-developpement.fr\/wp-content\/uploads\/2021\/06\/logo-hager-200X80.jpg?resize=150%2C60&amp;ssl=1 150w\" sizes=\"auto, (max-width: 150px) 100vw, 150px\" \/><\/td><td><img data-recalc-dims=\"1\" loading=\"lazy\" decoding=\"async\" width=\"150\" height=\"54\" data-attachment-id=\"161\" data-permalink=\"https:\/\/plm-developpement.fr\/thermor-logo-222x80\/\" data-orig-file=\"https:\/\/i0.wp.com\/plm-developpement.fr\/wp-content\/uploads\/2021\/06\/Thermor-logo-222X80.jpg?fit=222%2C80&amp;ssl=1\" data-orig-size=\"222,80\" data-comments-opened=\"0\" data-image-meta=\"{&quot;aperture&quot;:&quot;0&quot;,&quot;credit&quot;:&quot;&quot;,&quot;camera&quot;:&quot;&quot;,&quot;caption&quot;:&quot;&quot;,&quot;created_timestamp&quot;:&quot;0&quot;,&quot;copyright&quot;:&quot;&quot;,&quot;focal_length&quot;:&quot;0&quot;,&quot;iso&quot;:&quot;0&quot;,&quot;shutter_speed&quot;:&quot;0&quot;,&quot;title&quot;:&quot;&quot;,&quot;orientation&quot;:&quot;0&quot;}\" data-image-title=\"Thermor-logo-222X80\" data-image-description=\"\" data-image-caption=\"\" data-large-file=\"https:\/\/i0.wp.com\/plm-developpement.fr\/wp-content\/uploads\/2021\/06\/Thermor-logo-222X80.jpg?fit=222%2C80&amp;ssl=1\" class=\"wp-image-161\" style=\"width: 150px;\" src=\"https:\/\/i0.wp.com\/plm-developpement.fr\/wp-content\/uploads\/2021\/06\/Thermor-logo-222X80.jpg?resize=150%2C54&#038;ssl=1\" alt=\"\" srcset=\"https:\/\/i0.wp.com\/plm-developpement.fr\/wp-content\/uploads\/2021\/06\/Thermor-logo-222X80.jpg?resize=222%2C80&amp;ssl=1 222w, https:\/\/i0.wp.com\/plm-developpement.fr\/wp-content\/uploads\/2021\/06\/Thermor-logo-222X80.jpg?resize=150%2C54&amp;ssl=1 150w\" sizes=\"auto, (max-width: 150px) 100vw, 150px\" \/><\/td><td><img data-recalc-dims=\"1\" loading=\"lazy\" decoding=\"async\" width=\"150\" height=\"60\" data-attachment-id=\"162\" data-permalink=\"https:\/\/plm-developpement.fr\/logo-atlantic-200x80\/\" data-orig-file=\"https:\/\/i0.wp.com\/plm-developpement.fr\/wp-content\/uploads\/2021\/06\/logo-atlantic-200X80.jpg?fit=200%2C80&amp;ssl=1\" data-orig-size=\"200,80\" data-comments-opened=\"0\" data-image-meta=\"{&quot;aperture&quot;:&quot;0&quot;,&quot;credit&quot;:&quot;&quot;,&quot;camera&quot;:&quot;&quot;,&quot;caption&quot;:&quot;&quot;,&quot;created_timestamp&quot;:&quot;0&quot;,&quot;copyright&quot;:&quot;&quot;,&quot;focal_length&quot;:&quot;0&quot;,&quot;iso&quot;:&quot;0&quot;,&quot;shutter_speed&quot;:&quot;0&quot;,&quot;title&quot;:&quot;&quot;,&quot;orientation&quot;:&quot;0&quot;}\" data-image-title=\"logo-atlantic-200X80\" data-image-description=\"\" data-image-caption=\"\" data-large-file=\"https:\/\/i0.wp.com\/plm-developpement.fr\/wp-content\/uploads\/2021\/06\/logo-atlantic-200X80.jpg?fit=200%2C80&amp;ssl=1\" class=\"wp-image-162\" style=\"width: 150px;\" src=\"https:\/\/i0.wp.com\/plm-developpement.fr\/wp-content\/uploads\/2021\/06\/logo-atlantic-200X80.jpg?resize=150%2C60&#038;ssl=1\" alt=\"\" srcset=\"https:\/\/i0.wp.com\/plm-developpement.fr\/wp-content\/uploads\/2021\/06\/logo-atlantic-200X80.jpg?resize=200%2C80&amp;ssl=1 200w, https:\/\/i0.wp.com\/plm-developpement.fr\/wp-content\/uploads\/2021\/06\/logo-atlantic-200X80.jpg?resize=150%2C60&amp;ssl=1 150w\" sizes=\"auto, (max-width: 150px) 100vw, 150px\" \/><\/td><\/tr><\/tbody><\/table><\/figure>\n","protected":false},"excerpt":{"rendered":"<p>&nbsp; Entreprise d\u2019\u00e9lectricit\u00e9 install\u00e9e au c\u0153urde la M\u00e9tropole Lilloise depuis 2005. Nous nous attachons \u00e0 satisfaire nos clients particuliers, professionnels pour tous travaux \u00e9lectriques, mise en place de syst\u00e8me d\u2019interphonie et de vid\u00e9o-surveillance Nous intervenons sur les secteurs de : Lille et ses environs ARTISAN ELECTRICIEN Exp\u00e9riment\u00e9, j\u2019effectue tous travaux&#8230;<\/p>\n<p> <a class=\"continue-reading-link\" href=\"https:\/\/plm-developpement.fr\/\"><span>Continue reading<\/span><i class=\"crycon-right-dir\"><\/i><\/a> <\/p>\n","protected":false},"author":1,"featured_media":0,"parent":0,"menu_order":0,"comment_status":"closed","ping_status":"closed","template":"","meta":{"_uag_custom_page_level_css":"","footnotes":""},"class_list":["post-106","page","type-page","status-publish","hentry"],"uagb_featured_image_src":{"full":false,"thumbnail":false,"medium":false,"medium_large":false,"large":false,"1536x1536":false,"2048x2048":false,"post-thumbnail":false,"header":false,"slider":false,"columns":false,"custom":false,"jetpack-portfolio-admin-thumb":false},"uagb_author_info":{"display_name":"admin9051","author_link":"https:\/\/plm-developpement.fr\/index.php\/author\/admin9051\/"},"uagb_comment_info":0,"uagb_excerpt":"&nbsp; Entreprise d\u2019\u00e9lectricit\u00e9 install\u00e9e au c\u0153urde la M\u00e9tropole Lilloise depuis 2005. Nous nous attachons \u00e0 satisfaire nos clients particuliers, professionnels pour tous travaux \u00e9lectriques, mise en place de syst\u00e8me d\u2019interphonie et de vid\u00e9o-surveillance Nous intervenons sur les secteurs de : Lille et ses environs ARTISAN ELECTRICIEN Exp\u00e9riment\u00e9, j\u2019effectue tous travaux... Continue reading","jetpack_sharing_enabled":true,"_links":{"self":[{"href":"https:\/\/plm-developpement.fr\/index.php\/wp-json\/wp\/v2\/pages\/106","targetHints":{"allow":["GET"]}}],"collection":[{"href":"https:\/\/plm-developpement.fr\/index.php\/wp-json\/wp\/v2\/pages"}],"about":[{"href":"https:\/\/plm-developpement.fr\/index.php\/wp-json\/wp\/v2\/types\/page"}],"author":[{"embeddable":true,"href":"https:\/\/plm-developpement.fr\/index.php\/wp-json\/wp\/v2\/users\/1"}],"replies":[{"embeddable":true,"href":"https:\/\/plm-developpement.fr\/index.php\/wp-json\/wp\/v2\/comments?post=106"}],"version-history":[{"count":26,"href":"https:\/\/plm-developpement.fr\/index.php\/wp-json\/wp\/v2\/pages\/106\/revisions"}],"predecessor-version":[{"id":356,"href":"https:\/\/plm-developpement.fr\/index.php\/wp-json\/wp\/v2\/pages\/106\/revisions\/356"}],"wp:attachment":[{"href":"https:\/\/plm-developpement.fr\/index.php\/wp-json\/wp\/v2\/media?parent=106"}],"curies":[{"name":"wp","href":"https:\/\/api.w.org\/{rel}","templated":true}]}}